 = p - 41. Calculate the greatest common divisor of l and 42.
14
Let b be (11/5)/(2/10). Let d = 17 + -5. Let z = 34 - d. Calculate the highest common factor of b and z.
11
Suppose 1 = 3*g - 2*k - 21, 2*k + 16 = 2*g. Suppose 30 = 5*c - 0*c - 3*f, 5*c - 5*f - 30 = 0. What is the greatest common factor of c and g?
6
Let x be (27/(-6))/(2/(-12)). Calculate the highest common factor of 3 and x.
3
Suppose -8 = -n - n. Suppose 0 = -7*l + n*l + d + 150, 2*l - d - 100 = 0. What is the highest common factor of l and 20?
10
Suppose -3*d - 3*x = -6*d - 93, -2*x = -4*d - 122. Let h = 48 + d. Calculate the highest common divisor of 18 and h.
18
Let y(i) = 2 - i**2 + 7*i + 6*i - 6*i. Let u be y(6). What is the greatest common divisor of u and 8?
8
Let z = 244 + -146. What is the greatest common divisor of 49 and z?
49
Suppose 16*b - 400 = 12*b. What is the highest common factor of 40 and b?
20
Suppose -z - 108 = -19*z. What is the greatest common divisor of z and 6?
6
Let u = -3 + -4. Let y be (-22)/(-2)*(-7)/u. Calculate the highest common divisor of y and 33.
11
Let g be 348/14 - 2/(-14). Calculate the highest common factor of 5 and g.
5
Suppose 2*t = 7*t - 630. Suppose -3*f = 2*f - 10. Let q = f - -12. What is the greatest common factor of t and q?
14
Suppose -2*n + 72 = 3*o, 59 = 5*o + 5*n - 66. Suppose 5*y + 3*g - 165 = 0, 4*y + g = -4*g + 132. Calculate the highest common factor of y and o.
11
Let f be 8*(3 + (-21)/12). Calculate the greatest common factor of f and 10.
10
Suppose 278 + 262 = 9*d. What is the highest common factor of 40 and d?
20
Let i be (2/3)/(2/30). What is the highest common divisor of 80 and i?
10
Let j = -16 - -20. Calculate the greatest common divisor of 36 and j.
4
Let k(a) = -6*a - 16. Let q be k(-5). Calculate the highest common factor of 182 and q.
14
Let x = -8 + 1. Let a = x - -7. Suppose a = -y + 20. What is the greatest common divisor of 8 and y?
4
Suppose -c + 0 = -3. What is the highest common divisor of c and 21?
3
Suppose 19 = 4*x + 3*q, -3*x = -4*x - q + 5. Suppose -3*w - 3 = -x*w. Calculate the greatest common factor of 3 and w.
3
Let s(t) be the second derivative of 47*t**3/6 + t**2 + 2*t. Let b be s(2). Suppose -y + 9 + 7 = 0. What is the highest common factor of b and y?
16
Let q(j) = 5*j**2 - j. Let i be q(-1). Suppose 0*t + 3*t - i = 0. Suppose 0 = -3*l + t*l + 9. Calculate the highest common factor of l and 72.
9
Suppose 8*t - 705 = 3*t. Suppose -4*a - 29 = -t. What is the greatest common divisor of a and 4?
4
Let i be (-14)/(-5)*20/4. What is the highest common factor of 2 and i?
2
Suppose -5*j = -55 - 65. Calculate the greatest common factor of j and 96.
24
Suppose 0 = 5*o + 3*v - 203, 0*o + 3*v + 77 = 2*o. Calculate the highest common divisor of o and 16.
8
Let z(h) = 4*h**2 - h + 1. Let v be z(1). Let q be (50/(-40))/((-2)/32). Calculate the greatest common divisor of v and q.
4
Suppose 2*h + 3*h = 120. What is the greatest common divisor of h and 6?
6
Let w(u) = u**2 - 1. Let d be ((-6)/8)/(3/(-12)). Let r be w(d). Let z = 8 - 7. Calculate the highest common divisor of z and r.
1
Suppose 0*r + 225 = -5*r. Let o be (-2 + r/(-3))/1. What is the greatest common factor of o and 26?
13
Let c be (3/(-6))/(5/(-190)). Calculate the highest common factor of 171 and c.
19
Suppose m - 5*m = 4*y - 20, 10 = 5*y. Suppose -43 = -5*c - 3*z - m, -3*z = -15. What is the greatest common divisor of c and 20?
5
Let c = -88 + 94. Let m(b) = 4*b**2 + 3 + 0 + 0*b**2 + b. Let l be m(-3). Calculate the highest common divisor of l and c.
6
Let m = -9 + 135. Let n(b) = -b**3 - 6*b**2 + 3*b + 2. Let r be n(-7). Suppose -s - 4 = 3*s, -2*y + r = -2*s. Calculate the greatest common factor of m and y.
14
Suppose -4*a + j + 27 = 0, -3*j + 1 = -3*a + 2*j. Calculate the highest common divisor of a and 88.
8
Let b = 54 - 37. Let a be (-1 + 1)*(-2)/(-2). Let l = b + a. What is the highest common factor of 17 and l?
17
Let f(j) = j**2 + 10. Let m be f(12). What is the highest common factor of m and 14?
14
Let h = -33 - -66. Suppose -f + r - 22 = -3*f, 4*r = -3*f + h. Suppose -3*i + 1 + f = 0. Calculate the greatest common factor of 28 and i.
4
Let h be 21 - (3 - 1 - 3). Calculate the highest common factor of 55 and h.
11
Let o(g) = g + 10. Let j be (-6)/(-10) - 38/5. Let b be o(j). Calculate the highest common divisor of b and 27.
3
Suppose 109 = 5*v - a, -2*v = v - 5*a - 61. Calculate the greatest common factor of v and 11.
11
Suppose 3*x + 25 = 64. Let c = -6 - -19. Calculate the highest common factor of c and x.
13
Suppose -2*v - 3*f + 6*f = 60, 0 = -5*v + 3*f - 141. Let u be (-1)/4 + v/(-12). Let a be ((-2)/(-4))/(u/44). Calculate the highest common factor of 33 and a.
11
Let y(c) = 12*c**2 + c + 1. Let i be y(-1). Let n(p) = -p - 1. Let u be n(-4). Calculate the highest common factor of u and i.
3
Let n(w) = -w**3 - 7*w**2 - 6*w + 4. Let i be n(-6). Suppose i*p = 19 + 45. What is the greatest common divisor of p and 8?
8
Suppose 27 = 4*i + 3. Suppose -q - 33 - 543 = 5*j, 235 = -2*j - 5*q. Let t be j/(-10) - 1/(-2). What is the greatest common divisor of i and t?
6
Suppose -4*s + u + 274 - 1 = 0, 5*s - 340 = u. Suppose -5*t - 4 = -3*k + s, k + 3*t = 19. Calculate the greatest common divisor of k and 11.
11
Let j be ((-3)/(-4))/(2/24). Let r(d) be the first derivative of d**4/4 + 3*d**3 - d - 3. Let f be r(-8). What is the greatest common factor of f and j?
9
Let n(m) = -m**2 + 6. Let b be n(0). Calculate the highest common divisor of 42 and b.
6
Suppose -2*h + 46 = 5*i - 11, 3*i = -4*h + 23. Calculate the highest common divisor of 13 and i.
13
Let k be 60 + (2 + -2)*-1. Suppose -k = -6*o + o. Suppose 3*p + 85 = 337. What is the greatest common divisor of o and p?
12
Let h be (-1)/((-16)/(-20))*-84. Suppose 5*l + 3*s = h, -3*l + 87 = -0*l - 3*s. What is the highest common factor of l and 12?
12
Let b be (5 - 6)*10/(-2). Calculate the greatest common factor of b and 60.
5
Let p = 26 + -14. Calculate the highest common factor of 36 and p.
12
Let u = 68 - 64. Let s = 2 - 1. Calculate the greatest common factor of u and s.
1
Suppose -3*q = -4*q + 10. Suppose -b = -4*w + q, 6 = 3*w - b - 1. Calculate the highest common divisor of 21 and w.
3
Let r = -1 + 28. What is the greatest common divisor of r and 297?
27
Suppose x = -3*x - 4. Let n be 1 + 14 + x + 0. Calculate the highest common divisor of n and 28.
14
Let q = 19 - -50. Suppose 0 = -3*u + 6*u - q. Let h be u + (-1 - 1 - -1). What is the greatest common divisor of h and 55?
11
Let x be ((-45)/(-36))/((-1)/(-4)). Suppose -2*c = x*m + c - 147, 1 = -c. What is the highest common divisor of m and 6?
6
Let a be (-1)/(-1*2)*4. Suppose 0 = a*n - 4*u - 164, -4*u = 2*n - 3*n + 92. Calculate the highest common divisor of n and 18.
18
Let z(a) = 2*a**2 + 6*a + 3. Let f be z(-5). Suppose -f = -2*t + 7. What is the highest common divisor of t and 30?
15
Let g = -28 - -27. Let b(o) = -154*o**3 - 2*o**2 - 2*o - 1. Let m be b(g). Suppose -28 = 5*h - 113. What is the greatest common factor of h and m?
17
Let a(y) = 14*y. Let r be a(1). Let l be (48/(-7))/((-1)/r). Calculate the greatest common factor of l and 12.
12
Let y be ((-24)/15)/(-4)*5. Let o = 0 - y. Let z be 34 + (-1 - 0)*o. What is the highest common divisor of 6 and z?
6
Suppose -4*o = -o + 2*g - 9, -34 = -5*o + 3*g. Suppose -274 = o*u - 954. What is the highest common divisor of 17 and u?
17
Suppose 0 = -5*n + 2*i + 50 + 55, -4*i = n - 21. Calculate the greatest common divisor of 63 and n.
21
Let v be (-50)/(-3) - (-13)/39. What is the greatest common divisor of 51 and v?
17
Suppose 2*r = m + 11, 3*m - 4*m - 23 = -4*r. Let z be -4*(-153)/r + 3. What is the highest common divisor of z and 15?
15
Let j be 4 + -3*(-194)/3. What is the greatest common factor of j and 18?
18
Let x be (9/3)/(-1*1). Let t = 3 + x. Let b = t + 14. What is the greatest common divisor of 2 and b?
2
Suppose -r + 7 - 3 = 0. Suppose -j - 3*n - 99 = -3*j, 244 = 5*j - r*n. Calculate the highest common divisor of j and 6.
6
Let s be ((-26)/10 - -3)*(5 + 45). Calculate the highest common factor of s and 4.
4
Let j = 199 + -127. Suppose t - 5*t + j = 0. Let i = t + -10. Calculate the highest common factor of i and 2.
2
Let j(i) = -4 + 3*i + i**3 + 7 + 10*i**2 - 4*i. Let q b